d q?
2
Let v(g) = 188*g**2 - 308*g - 1805. Let j be v(-6). Calculate the greatest common divisor of 49 and j.
49
Suppose -35*s - 4 = -39*s, -s = 2*c - 5. Calculate the highest common divisor of 1410 and c.
2
Let i(h) = -h**3 - 69*h**2 + 375*h + 463. Let t be i(-74). Calculate the greatest common divisor of 48 and t.
3
Suppose -495360 = -517*q + 1696720. What is the highest common divisor of 100 and q?
20
Suppose -4*m + 8674 = 2*x, -16*x + 13*x + 12967 = -5*m. What is the greatest common factor of x and 185?
37
Let y = 87 + -75. Let g be 3*1/y + 2008/32. Calculate the highest common factor of g and 7.
7
Suppose 0 = -5*t + 3*s + 193, 2*t - 2*s - 74 = -4*s. Calculate the greatest common factor of t and 12806.
38
Suppose -17*h = -138 - 32. Let q be -4*1 + (9 - 0) - -125. Calculate the highest common divisor of h and q.
10
Let n(d) be the second derivative of 2*d**3/3 - 5*d**2/2 + 3*d. Let o be (8 + -12)/(0 - 2). Let m be n(o). What is the greatest common factor of m and 33?
3
Let v(w) = w**3 + 10*w**2 + 22*w. Let o be v(-6). Calculate the highest common factor of 15 and o.
3
Let n be 20 + -1 + -17 + 17. Suppose 184 + 272 = n*w. Calculate the highest common divisor of w and 48.
24
Suppose 2*w - s - 11 = 0, 36*w - 5*s - 31 = 32*w. Suppose -3*x + 681 + 70 = h, -w*h - 5*x + 2983 = 0. What is the highest common divisor of 14 and h?
14
Let g = 343 - 190. Let f be (-1)/(-3) + (-17)/((-408)/(-80)). Let c be (-150)/(-9) - f/9. What is the greatest common factor of c and g?
17
Let g(v) = -v**3 + 81*v**2 + 165*v + 95. Let s be g(83). Let u(t) = -9*t + 3*t - 3*t + 6. Let l be u(-6). What is the highest common divisor of s and l?
12
Let w(d) = -7*d + d - 5 + 4 + 0*d. Let j be w(-1). Suppose -2*y + 3*k = -24, -j*y = -4*k - 77 + 17. What is the highest common factor of 4 and y?
4
Let z be (-1)/(4/16*-2). Suppose -2*w - 14 = -2*a, 0*a = -4*a + z*w + 38. Let x be (a/48)/(-1 + 173/172). Calculate the highest common divisor of 43 and x.
43
Let b be -2*(-3)/(-54) + (-6789)/(-837). Calculate the greatest common factor of 500 and b.
4
Let s(w) = 13*w - 6. Let a(b) = 17*b - 6. Let h(z) = 3*a(z) - 4*s(z). Let l be (0/(-1))/(1/1). Let i be h(l). Calculate the highest common divisor of 9 and i.
3
Suppose -44*c + 3*c = -2583. Suppose 4*h - h + 1 = 2*z, 0 = -2*h - 10. Let v = 16 + z. Calculate the highest common divisor of v and c.
9
Let t be 16/(-3) + (-11613)/(-441). Calculate the highest common divisor of t and 41.
1
Suppose -b + 166 = -g - 1936, 0 = 5*b - 2*g - 10504. Let p = -1108 + b. What is the greatest common divisor of 62 and p?
62
Let s(z) = 9*z**2 - 70*z + 544. Let g be s(8). What is the highest common factor of 21 and g?
7
Let n be (11*(-30)/(-110))/((-1)/(-1217)) - 1. What is the greatest common divisor of n and 438?
146
Let q be (2 - 512/(-3))/(2/(-15)). Let w = q + 2023. Calculate the highest common divisor of w and 56.
56
Let w(i) = -4*i - 4. Let u = -406 + 393. Let o be w(u). What is the highest common divisor of 384 and o?
48
Let f be -3 - -10 - ((-164736)/836 - 3/(-57)). Let s be (-2)/6 + 145/3. Calculate the highest common factor of f and s.
12
Let x = 2802 + -2728. What is the greatest common divisor of 6 and x?
2
Let c(b) = -4*b**3 - 4*b**2 - 3*b - 5. Let d be c(-3). Let i = 37 + d. Let j = i + -55. Calculate the greatest common divisor of j and 29.
29
Suppose -3*n + 0*n = -84. Let z be 412/10506 + (-97088)/(-408). Calculate the highest common factor of z and n.
14
Let v(k) = 2*k**2 - 2 - 10*k + 7*k**3 + 9*k - 11*k**3. Let h be v(-1). Let g be 3/6*210/h. Calculate the greatest common divisor of 14 and g.
7
Let s = 4670 + -3641. Calculate the highest common divisor of 231 and s.
21
Let d(r) = -6*r + 231. Let u be d(15). Calculate the greatest common divisor of 611 and u.
47
Let d be 14 + (1 + -5)/(-2). Let i = 26 - d. Suppose 4*t = g - 90, -g - 5*t + 112 = 22. What is the highest common divisor of i and g?
10
Let l(v) be the first derivative of 9 + 5*v**2 - 1/3*v**3 + 5*v. Let z be l(5). What is the highest common divisor of z and 60?
30
Suppose -i + 16 - 13 = 0. Suppose i*c + 2*w - 79 = 0, 30 = 2*c - 2*w - 36. Let m = c + -17. Calculate the highest common divisor of 18 and m.
6
Let v be 171 + (-19)/((-190)/(-45))*(-4)/(-18). Suppose -n - 2*n = -102. Calculate the greatest common factor of v and n.
34
Suppose 158*j - 250*j = -9660. Calculate the greatest common divisor of j and 8400.
105
Suppose 39*n - 3728 - 12660 = -29*n. Calculate the highest common divisor of 17593 and n.
241
Let r = -665 - -1626. Calculate the highest common factor of 124 and r.
31
Let o(a) = -12*a - 14. Suppose 0*x = 6*x - 18. Let r be -2 + 7/x + 60/(-18). Let w be o(r). What is the greatest common factor of 22 and w?
22
Let o(n) = 29*n - 24. Let s be o(2). Suppose q + q + 3*c = 23, 5*c = -3*q + s. Calculate the greatest common divisor of 533 and q.
13
Suppose 3*o + 433 = -0*o - 2*g, 3*o - 4*g = -457. Let k = -132 - o. What is the highest common factor of 5 and k?
5
Let z = 68320 + -68310. Let n = 297 + -167. What is the greatest common factor of n and z?
10
Suppose 2127 = 5*f - 4*a, -3*f + 1271 = 3*a - 8*a. Suppose 172*d = 179*d - f. Calculate the highest common divisor of 183 and d.
61
Suppose -155 = -5*h + 5*q, -h = -0*h - 3*q - 25. Let i = h + -30. Suppose -66 - 186 = -i*k. What is the greatest common divisor of 14 and k?
7
Let o = -1007 - -1024. Suppose -5*d - 1091 = -4*c - 4*d, 5*d = -5*c + 1345. Calculate the highest common factor of c and o.
17
Suppose -2*z = 5*c + 35, -7*c = 5*z + 5 + 55. Let k = 20 - 30. Let w be z/k - (-21)/2. Calculate the highest common factor of 1 and w.
1
Let d(v) = v**2 + 25*v + 2944. Let a be d(0). Calculate the highest common divisor of 23 and a.
23
Suppose -4*m + 18 = 2*m. Suppose 84 = 3*a - r, m = a - 5*r - 11. Suppose 6*c - 522 = -3*c. What is the greatest common divisor of c and a?
29
Suppose 3*x + y + 569 - 1752 = 0, -x + 391 = y. What is the greatest common divisor of 102 and x?
6
Suppose 5*a + 5*n + 6447 = 2197, 0 = -5*a - 3*n - 4260. Let t = -470 - a. What is the greatest common factor of t and 154?
77
Suppose 857 + 900 + 241 = 6*k. Calculate the highest common divisor of k and 1813.
37
Suppose -s = -4*o - 3*s + 2, 4*o = -4*s. Suppose o - 7 = -2*n. Suppose 2*f + 95 + 99 = 3*g, -n*g + 4*f + 190 = 0. What is the greatest common factor of g and 6?
6
Let c(o) = 26*o - 66. Let v be c(29). Let g = v + 269. What is the greatest common factor of 87 and g?
87
Let q(z) = 19*z - 1520. Let m be q(95). What is the highest common factor of m and 1311?
57
Let o be (1 - -133) + -8 - (1 - 6). Suppose -5*b + f + 677 = 0, b + 2*f = -0*b + o. Let z = 148 + -58. Calculate the greatest common factor of b and z.
45
Let k(o) = 9*o**2 + 4*o + 7. Let t be k(-2). Suppose 12 + 4 = 4*d. Suppose -d*u = -53 - t. What is the highest common factor of 242 and u?
22
Let o be (((-3)/2)/1)/((-32)/64). Suppose o*i + 50 = 41. Let c be (4/8)/(i/(-42)*1). Calculate the greatest common divisor of 14 and c.
7
Let l be 3864/(-48)*(-16)/14. What is the highest common divisor of 28 and l?
4
Let z = -17 + 28. Suppose 4*l = 5*h - 3539, 46 = h - 2*l - 651. Calculate the highest common factor of h and z.
11
Suppose -37*r - 2*r + 156 = 0. Suppose 2*v - g - 46 = -r*g, 0 = 2*g - 8. Calculate the highest common divisor of 833 and v.
17
Let u = 35 - 39. Suppose 219 = -4*a - 21. Let p be (-1752)/a - u/5. What is the highest common factor of 15 and p?
15
Let s = 15825 + -15143. Calculate the greatest common factor of s and 124.
62
Suppose 4*f + m - 92 = -3*m, -4*f = m - 80. Let q(j) = -18*j - 7 - 15*j**2 + j**3 - 3*j**2 + 4. Let g be q(f). What is the highest common divisor of g and 8?
8
Suppose 24 = -4*s, -3*i - 495 + 2169 = -4*s. Calculate the highest common factor of i and 198.
22
Let z = 0 - -2. Let x be (36/(-48))/((-2)/8). Suppose 4*l = x*s + 133, 0*s - 6 = z*s. What is the highest common divisor of l and 124?
31
Suppose -h - 3*g + 375 = 0, -3*g - 431 + 50 = -h. Suppose -125*f = -122*f - h. Calculate the greatest common factor of f and 42.
42
Let h be (38 - -34)*(1 + 0/2). What is the greatest common divisor of h and 1818?
18
Suppose -w - 15438 = -15730. What is the highest common divisor of w and 29054?
146
Suppose 0 = 3*m - 103 + 103. Suppose 3*y - 2*h - 35 = m, -2*h - 9 + 1 = 0. W